tors of 3305?
5, 661
What are the prime factors of 12428?
2, 13, 239
List the prime factors of 170.
2, 5, 17
List the prime factors of 12348.
2, 3, 7
What are the prime factors of 33?
3, 11
What are the prime factors of 10981?
79, 139
List the prime factors of 506.
2, 11, 23
What are the prime factors of 41763?
3, 13921
List the prime factors of 11890.
2, 5, 29, 41
List the prime factors of 560.
2, 5, 7
List the prime factors of 36862.
2, 7, 2633
What are the prime factors of 557?
557
What are the prime factors of 9309?
3, 29, 107
List the prime factors of 14589.
3, 1621
List the prime factors of 11673.
3, 1297
What are the prime factors of 48301?
11, 4391
What are the prime factors of 72215?
5, 11, 13, 101
List the prime factors of 47925.
3, 5, 71
What are the prime factors of 638?
2, 11, 29
What are the prime factors of 16407?
3, 1823
What are the prime factors of 2554?
2, 1277
What are the prime factors of 893?
19, 47
What are the prime factors of 295?
5, 59
What are the prime factors of 2222?
2, 11, 101
List the prime factors of 2471.
7, 353
List the prime factors of 3471.
3, 13, 89
List the prime factors of 1317.
3, 439
List the prime factors of 9468.
2, 3, 263
What are the prime factors of 362?
2, 181
What are the prime factors of 12402?
2, 3, 13, 53
List the prime factors of 284.
2, 71
What are the prime factors of 395?
5, 79
List the prime factors of 1208.
2, 151
What are the prime factors of 2224?
2, 139
What are the prime factors of 12979?
12979
What are the prime factors of 1022?
2, 7, 73
List the prime factors of 29640.
2, 3, 5, 13, 19
List the prime factors of 9450.
2, 3, 5, 7
What are the prime factors of 3611?
23, 157
List the prime factors of 36940.
2, 5, 1847
What are the prime factors of 17871?
3, 7, 23, 37
What are the prime factors of 15356?
2, 11, 349
What are the prime factors of 3532?
2, 883
What are the prime factors of 358?
2, 179
What are the prime factors of 35671?
35671
What are the prime factors of 30?
2, 3, 5
List the prime factors of 13632.
2, 3, 71
What are the prime factors of 35981?
11, 3271
What are the prime factors of 46592?
2, 7, 13
List the prime factors of 37975.
5, 7, 31
List the prime factors of 753.
3, 251
What are the prime factors of 24414?
2, 3, 13, 313
List the prime factors of 3042.
2, 3, 13
List the prime factors of 20635.
5, 4127
List the prime factors of 2784.
2, 3, 29
What are the prime factors of 5211?
3, 193
What are the prime factors of 2054?
2, 13, 79
What are the prime factors of 162805?
5, 32561
List the prime factors of 36188.
2, 83, 109
List the prime factors of 1134.
2, 3, 7
What are the prime factors of 54436?
2, 31, 439
List the prime factors of 30279.
3, 10093
List the prime factors of 5147.
5147
What are the prime factors of 5481?
3, 7, 29
List the prime factors of 35103.
3, 11701
What are the prime factors of 9186?
2, 3, 1531
What are the prime factors of 6733?
6733
What are the prime factors of 25508?
2, 7, 911
What are the prime factors of 386?
2, 193
What are the prime factors of 48255?
3, 5, 3217
What are the prime factors of 815?
5, 163
What are the prime factors of 116625?
3, 5, 311
What are the prime factors of 732?
2, 3, 61
List the prime factors of 93614.
2, 46807
List the prime factors of 31277.
31277
List the prime factors of 6935.
5, 19, 73
What are the prime factors of 90?
2, 3, 5
List the prime factors of 41208.
2, 3, 17, 101
What are the prime factors of 2906?
2, 1453
List the prime factors of 2147.
19, 113
List the prime factors of 2157.
3, 719
List the prime factors of 47623.
47623
List the prime factors of 82446.
2, 3, 7, 13, 151
What are the prime factors of 34283?
34283
What are the prime factors of 1835?
5, 367
List the prime factors of 791.
7, 113
List the prime factors of 1429.
1429
List the prime factors of 1353.
3, 11, 41
What are the prime factors of 46714?
2, 23357
List the prime factors of 43.
43
What are the prime factors of 196?
2, 7
What are the prime factors of 1296?
2, 3
What are the prime factors of 600?
2, 3, 5
List the prime factors of 2404.
2, 601
What are the prime factors of 5285?
5, 7, 151
List the prime factors of 21920.
2, 5, 137
List the prime factors of 27059.
27059
List the prime factors of 1253.
7, 179
List the prime factors of 817.
19, 43
List the prime factors of 43724.
2, 17, 643
What are the prime factors of 466?
2, 233
List the prime factors of 1079.
13, 83
What are the prime factors of 6795?
3, 5, 151
What are the prime factors of 85705?
5, 61, 281
What are the prime factors of 1574?
2, 787
List the prime factors of 885.
3, 5, 59
What are the prime factors of 4337?
4337
What are the prime factors of 14539?
7, 31, 67
What are the prime factors of 3686?
2, 19, 97
List the prime factors of 11116.
2, 7, 397
What are the prime factors of 518?
2, 7, 37
List the prime factors of 3498.
2, 3, 11, 53
List the prime factors of 21319.
21319
What are the prime factors of 36138?
2, 3, 19, 317
What are the prime factors of 24314?
2, 12157
List the prime factors of 159378.
2, 3, 101, 263
What are the prime factors of 30665?
5, 6133
What are the prime factors of 171372?
2, 3, 14281
What are the prime factors of 12462?
2, 3, 31, 67
List the prime factors of 105071.
105071
What are the prime factors of 970?
2, 5, 97
What are the prime factors of 8135?
5, 1627
List the prime factors of 5129.
23, 223
List the prime factors of 7982.
2, 13, 307
What are the prime factors of 18214?
2, 7, 1301
What are the prime factors of 3711?
3, 1237
List the prime factors of 18.
2, 3
List the prime factors of 2087.
2087
List the prime factors of 71364.
2, 3, 19, 313
List the prime factors of 136087.
7, 19441
List the prime factors of 8857.
17, 521
List the prime factors of 1152.
2, 3
What are the prime factors of 35473?
19, 1867
What are the prime factors of 1207?
17, 71
List the prime factors of 8487.
3, 23, 41
What are the prime factors of 1487?
1487
List the prime factors of 397.
397
What are the prime factors of 4643?
4643
List the prime factors of 2263.
31, 73
What are the prime factors of 13361?
31, 431
List the prime factors of 55470.
2, 3, 5, 43
What are the prime factors of 53566?
2, 26783
List the prime factors of 7507.
7507
What are the prime factors of 5658?
2, 3, 23, 41
List the prime factors of 30556.
2, 7639
What are the prime factors of 994?
2, 7, 71
What are the prime factors of 1693?
1693
What are the prime factors of 126771?
3, 42257
What are the prime factors of 626?
2, 313
List the prime factors of 3545.
5, 709
What are the prime factors of 1145?
5, 229
What are the prime factors of 1103?
1103
List the prime factors of 906.
2, 3, 151
What are the prime factors of 624?
2, 3, 13
List the prime factors of 2407.
29, 83
What are the prime factors of 3828?
2, 3, 11, 29
What are the prime factors of 465?
3, 5, 31
What are the prime factors of 2675?
5, 107
What are the prime factors of 541?
541
List the prime factors of 1632.
2, 3, 17
What are the prime factors of 575?
5, 23
List the prime factors of 96323.
96323
What are the prime factors of 1675?
5, 67
What are the prime factors of 2630?
2, 5, 263
List the prime factors of 88.
2, 11
What are the prime factors of 21768?
2, 3, 907
What are the prime factors of 530?
2, 5, 53
What are the prime factors of 43316?
2, 7, 13, 17
List the prime factors of 6958.
2, 7, 71
List the prime factors of 6412.
2, 7, 229
List the prime factors of 13574.
2, 11, 617
What are the prime factors of 2062?
2, 1031
List the prime factors of 66225.
3, 5, 883
What are the prime factors of 716?
2, 179
List the prime factors of 83271.
3, 41, 677
List the prime factors of 8969.
8969
List the prime factors of 73841.
41, 1801
List the prime factors of 36756.
2, 3, 1021
What are the prime factors of 3305?
5, 661
List the prime factors of 5310.
2, 3, 5, 59
What are the prime factors of 4673?
4673
What are the prime factors of 1133?
11, 103
What are the prime factors of 2563?
11, 233
List the prime factors of 5615.
5, 1123
List the prime factors of 23176.
2, 2897
List the prime factors of 2491.
47, 53
List the prime factors of 29852.
2, 17, 439
What are the prime factors of 962?
2, 13, 37
What are the prime factors of 20815?
5, 23, 181
What are the prime factors of 12984?
2, 3, 541
What are the prime factors of 10320?
2, 3, 5, 43
W